- 55*n + 21*n - n**2 + 25*n. Suppose 5*r + k = -30, 5*r + 30 = k + 3*k. Give o(r).
11
Let v = -97 + 85. Let y(n) be the first derivative of -n**2 - 16*n + 9. Calculate y(v).
8
Let r(c) = 730 + c - 3*c - 739. Let o be r(-3). Let s(d) = d**3 - 2*d. What is s(o)?
-21
Let x be (-2)/(-3) + (-4 - (-40)/(-15)). Let g be (-1 - x - 5)/(-2 + 3). Let k(n) = 2*n**2 - n - 3*n**2 + 0 + 3. Determine k(g).
3
Let n(f) be the first derivative of 5 + 0*f + 5/2*f**2. Determine n(-3).
-15
Let k(i) = i**3 + 6*i**2 + 6*i - 3. Let l(z) = -z**2 + 2*z + 3. Suppose 2*g - 19 = -v + 7*g, g = 3*v - 15. Let q be l(v). Give k(q).
-8
Let r(g) = -2*g**2 + 1. Let q(m) = m + 1. Let u be q(0). Suppose -2 + u = -z. Suppose -t + z = -0. Calculate r(t).
-1
Let y(m) = -5*m**3 + 8*m**2 + 8*m + 16. Let j(k) = -3*k**3 + 4*k**2 + 4*k + 9. Let d(w) = -7*j(w) + 4*y(w). Calculate d(-3).
-2
Let p be ((-10)/45)/(62/279). Let q(f) be the second derivative of f**3/3 + f. Give q(p).
-2
Let i(v) = -v**2 + v - 9. Let k(b) be the second derivative of b**3/6 + b**2/2 - 8*b. Let f(h) = i(h) + 5*k(h). Calculate f(5).
1
Let z = 1 + -5. Let w(y) = 2427 + y**3 - 5*y**2 - 2*y**3 + 0*y**3 - 2422. Calculate w(z).
-11
Suppose -7*i = 3*b - 3*i + 15, 4*b + 5*i + 19 = 0. Let q be 1*(-4)/(-1)*b. Let p(f) = -f**2 - 2*f - 2. What is p(q)?
-10
Let o(v) be the first derivative of v**2/2 + 4*v - 134. Calculate o(6).
10
Let s(t) = -t**3 - 2*t - 2. Suppose -5*m = -4*q + 13, -5*m - 10 = -5*q - 0*m. Let k be 8/(-6)*q + -6. Give s(k).
10
Let w(b) = b**3 - 4*b**2 - 2*b + 6. Let h(i) = -i - 9. Let f be h(-9). Suppose f = 2*m - 5*j - 3, -4*m + 7 + 8 = -j. What is w(m)?
-2
Let m(a) be the second derivative of -a**3/6 + 13*a**2/2 + 348*a. Determine m(6).
7
Let c be -2*(-4 - 12/8). Let o(z) = -2 + 2*z + z + 4*z**2 + c. Let v(q) = -9*q**2 - 5*q - 19. Let x(l) = 7*o(l) + 3*v(l). Determine x(-5).
1
Let y(c) = -c**2 + 12*c + 21. Let h be y(13). Let p(t) = 2*t + 9. What is p(h)?
25
Suppose 4*c + 4*s - 144 = 0, -c - 5*s + 40 = -0*c. Let a be (60/c)/((-6)/(-28)). Let d(i) = -i - 2. Calculate d(a).
-10
Suppose -4377 + 1516 = -2*k - f, 0 = 5*f + 15. Let a(l) = k - 1432 + 3*l + 2*l**2. Give a(3).
27
Let z(v) = -3*v - 5. Let m be (-2)/(-6) + 4/(-12). Suppose 3*n - 69 + 6 = m. Let w be (-5)/(-20) - n/4. What is z(w)?
10
Let p = 85 + -87. Let n(x) = -2*x + 2. Give n(p).
6
Let c(v) be the second derivative of 5/6*v**3 - 39*v - 1/6*v**4 - v**2 + 0. Give c(3).
-5
Let m(y) = y - 11*y - 2*y + 7 + 11*y. Give m(6).
1
Suppose -5*d + 4*s + 14 = 0, -4*d - s = -11 - 17. Suppose 0 = -2*u + d. Let r(w) = -u*w + 6*w - 2 - 2*w. Determine r(-4).
-6
Let v(n) = -7*n**3 + 2*n + 1. Suppose c + 3*d = 12, 8*c - 16 = 3*c - 4*d. Let b be (-3)/12*c + -1. Give v(b).
6
Suppose -8*g = -6*g + 2*a + 12, -15 = 5*a. Let y(d) = -d**3 + 8*d + 7. What is y(g)?
10
Let w(h) be the third derivative of -h**6/120 + h**4/24 - 2*h**3/3 - 12*h**2. Let x be 0 + 1 + (-6)/2. Let q be 1*(0/3)/x. Give w(q).
-4
Let s(i) be the third derivative of 1/30*i**5 - 1/3*i**3 + 0*i + 22*i**2 + 0 + 1/24*i**4 - 1/120*i**6. Determine s(2).
0
Let c(y) = y**2 - 21. Suppose 0 = -4*w - 2*q + 10*q - 4, 47 = -5*w - 4*q. Calculate c(w).
28
Let s(k) = k**3 + 2*k**2 + 2*k + 3. Let y = -572 - -570. What is s(y)?
-1
Let u(b) be the third derivative of b**6/120 - 2*b**5/15 + b**4/24 - 5*b**3/3 + 16*b**2. Let s be u(8). Let j(p) = -4*p + 2. Determine j(s).
10
Let t(k) = -32*k - 418. Let o be t(-13). Let m(a) = -11*a**2 - 2*a + 1. Give m(o).
-39
Let m(z) = 3*z**2 - 8*z**2 + 1 + 9*z - z**3 - 2*z. Suppose 0 = 38*j - 29*j + 54. Calculate m(j).
-5
Let m = -1146 - -1139. Let a(t) = -t**2 + 2*t + 2. What is a(m)?
-61
Let i(n) = 60*n - 28*n - 33*n - 1 - 9. What is i(-7)?
-3
Let r be (-6)/(7/4 - 1). Let w(f) = -3*f**3 - 8*f**2 - 10. Let v(d) = 4*d**3 + 8*d**2 + 14. Let q(o) = -2*v(o) - 3*w(o). Calculate q(r).
2
Let r(y) = -3*y**2 - 2*y + 1. Let t = 3 - 1. Suppose -3*v = -t*v + 2. What is r(v)?
-7
Let v(o) = -o**3 + 11*o**2 + 16*o + 8. Let f = -360 + 372. What is v(f)?
56
Let t(c) = -c**3 + 3*c**2 - 1. Let d = -53 + 57. Suppose -4*s + d = 0, -2*s = 2*f - 2 - 2. Calculate t(f).
1
Let s(n) = -n**3 - 5*n - 12. Let g(f) = -f**3 + f**2 - 5*f - 13. Let k(i) = 6*g(i) - 7*s(i). Determine k(-5).
6
Let a(v) = 5*v + 36. Let b(o) = -3*o - 21. Let c(g) = 4*a(g) + 7*b(g). What is c(-15)?
12
Let l = -15 - -12. Let m(f) = f - 4. Let t(u) = -2. Let i(p) = -3*m(p) + 5*t(p). What is i(l)?
11
Suppose 14*c - 8*c - 42 = 0. Let l(j) = -j**2 + 6*j + 9. Give l(c).
2
Let s = 61 + -65. Let m be ((-5)/2)/((-2)/s). Let u(k) = 0*k + 2 - 3 + 2 + 3*k. What is u(m)?
-14
Let i(n) be the third derivative of n**8/20160 - n**7/1680 - n**6/240 - 17*n**5/60 + 7*n**2. Let w(c) be the third derivative of i(c). Calculate w(4).
1
Let p(b) be the third derivative of b**7/2520 + b**6/144 - 7*b**5/120 - 19*b**4/12 + 14*b**2. Let y(h) be the second derivative of p(h). What is y(-6)?
-1
Let h(b) be the first derivative of -b**5/20 - b**4/3 - b**3 - 2*b**2 - 7*b + 9. Let s(m) be the first derivative of h(m). Determine s(-4).
20
Let j be ((-3)/6)/((-3)/12). Let c(o) = -j*o + 523 + o**2 - 522 - 5*o. What is c(5)?
-9
Let m(f) = 9*f + 1. Let x = -26 - -28. Suppose 3*s - 5 = -x*s. Determine m(s).
10
Let k(d) = -10*d - 1. Let x = 949 - 950. What is k(x)?
9
Let s(f) = 10*f - 9. Suppose -25 - 15 = -10*y. What is s(y)?
31
Let o(b) = 61*b - 732. Let s be o(12). Let m(a) = -a**3 - a - 51. What is m(s)?
-51
Let x(q) = q**2 - q + 1. Suppose 4*n + 0*n - 4 = 0. Let l(c) = -c**3 - 7*c**2 - 12*c - 8. Let g(u) = n*l(u) - 2*x(u). What is g(-8)?
6
Let h(k) = k + 7. Let b(s) = -2*s - 14. Let y(t) = -4*b(t) - 7*h(t). Let q = -303 - -297. What is y(q)?
1
Let i be (-14)/(-5) + (-1)/(-5). Suppose i*v - 16 = -v. Let d(p) = 6*p + 2*p**3 - v*p**3 + 3*p**3 + 5 + 7*p**2. Determine d(-6).
5
Let o(a) = -10 + 6 + 4 - 7*a - 1. Give o(2).
-15
Let o(l) = -35*l - 24. Let p(r) = -13*r - 8. Let y(z) = -3*o(z) + 8*p(z). Determine y(-7).
1
Let s(t) = t**3 + 8*t**2 + 4. Let p be s(-8). Let i(h) = h + 3 + 6 + 1 - p. What is i(-8)?
-2
Let k(c) = 9*c**2 - 2*c + 5. Let i(g) = -8*g**2 + 2*g - 4. Let x(p) = 4*i(p) + 3*k(p). Calculate x(2).
-17
Let g be (-1)/(-4) + (-25)/4. Let r(o) be the first derivative of 1/4*o**4 + 5/3*o**3 - 59 - o - 5/2*o**2. Calculate r(g).
-7
Let i(p) be the third derivative of p**6/120 + p**5/5 + 13*p**4/24 + 7*p**3/2 - p**2 + 305. Calculate i(-11).
-1
Let z(o) = o**3 + 5*o**2 - 2*o - 5. Let g be 4/2 - 4/4. Let w be -2 + g/(1/8). Let q = w - 11. What is z(q)?
5
Let h = -8 - -12. Let t be h/14 - 152/(-56). Let j(r) = -2*r - 6*r**2 - 2*r - 5 + 0*r + 1 - r**t. Give j(-5).
-9
Let t(y) be the second derivative of y**5/20 - 7*y**4/12 - y**3/3 + 5*y**2 - 2*y. Let u be ((-20)/14)/(-5) - 94/(-14). Calculate t(u).
-4
Suppose -91*h + 40 = -90*h. Let n(c) = 0*c + h - 19 - 18 + 2*c. Give n(-8).
-13
Let p(r) = -r**2 + 4*r + 11. Let j be (2330/699)/(5/12). Give p(j).
-21
Let t(u) = -3*u - 3. Suppose -195*h + 192*h = -9. Determine t(h).
-12
Let r(h) be the third derivative of -h**5/30 + h**4/4 - h**3/3 + 201*h**2. Suppose 2*t - x + 0*x - 6 = 0, -24 = -5*t - 2*x. Determine r(t).
-10
Suppose -p = n, 0*p + 4*p = -5*n. Let m(g) = 3*g + 10. Let a(w) = -4*w - 11. Let b be 24/32 + 26/8. Let k(l) = b*a(l) + 5*m(l). Calculate k(n).
6
Let j = 1814 + -1816. Let d(y) = -19*y - 3. What is d(j)?
35
Let m(s) = s**2 - s. Suppose -6*a = -7*a - 3. Let n be a/6 + 252/(-8). Let c be 1/8 - 92/n. Give m(c).
6
Let b(f) = -2*f + 33. Suppose -6*z - 76 = -4*g - 4*z, z = 4*g - 74. What is b(g)?
-3
Let c(s) be the second derivative of 1/40*s**5 + 0 + 2/3*s**4 + 2*s + 0*s**2 - 1/90*s**6 + 0*s**3. Let k(j) be the third derivative of c(j). Give k(2).
-13
Suppose -6*u + u = 5. Let p(m) = 28 - 2*m**2 - m**2 - 27. Let x be p(u). Let o(y) = -3*y + 2. Calculate o(x).
8
Let g = -10 - -7. Let m(t) be the first derivative of t**4/24 + 2*t**3/3 + 5*t**2/2 - 2. Let k(i) be the second derivative of m(i). Give k(g).
1
Let i(t) be the first derivative of -1/2*t**2 + t - 19. Let n = 1 + -1. What is i(n)?
1
Let o(a) = -a**3 - 6*a**2 + 5*a - 4. Let s = 84 - 33. Suppose -37 + s = -2*d. What is o(d)?
10
Let a(p) be the second derivative of -p**5/20 + 4*p**4/3 - 17*p**3/6 + 21*p**2/2 - 2*p - 24. Determine a(15).
-9
Let f(k) = 4*k**2 + 24*k + 7. Let s(b